{"id":65,"date":"2024-01-11T19:42:24","date_gmt":"2024-01-11T22:42:24","guid":{"rendered":"https:\/\/nuvemprimus.com.br\/?page_id=65"},"modified":"2024-01-12T16:26:56","modified_gmt":"2024-01-12T19:26:56","slug":"sobre","status":"publish","type":"page","link":"https:\/\/nuvemprimus.com.br\/?page_id=65","title":{"rendered":"Sobre"},"content":{"rendered":"<p>[vc_row css=&#8221;.vc_custom_1662339454807{padding-top: 2% !important;padding-right: 2% !important;padding-bottom: 2% !important;padding-left: 2% !important;}&#8221;][vc_column width=&#8221;1\/2&#8243;][vc_single_image image=&#8221;107&#8243; img_size=&#8221;large&#8221; alignment=&#8221;center&#8221; css_animation=&#8221;fadeInRightBig&#8221;][\/vc_column][vc_column width=&#8221;1\/2&#8243;]\r\n\t<div class=\"wprt-spacer clearfix\" data-desktop=\"12\" data-mobi=\"0\" data-smobi=\"0\"><\/div>[vc_column_text css_animation=&#8221;slideInUp&#8221;]<\/p>\n<p style=\"font-size: 15pt;\">A Primus Solu\u00e7\u00f5es em Tecnologia da Informa\u00e7\u00e3o, foi fundada em Junho de 2002, em Porto Alegre \u2013 RS, com o objetivo de atender as exigentes demandas de consultoria e suporte t\u00e9cnico em infraestrutura para sistemas computacionais.<\/p>\n<p style=\"font-size: 15pt;\">Com um atendimento vip e certificado pelos principais players de tecnologia, ao longo do tempo construiu, manteve e evoluiu dezenas de estruturas internas para os seus clientes.<\/p>\n<p style=\"font-size: 15pt;\">Com o avan\u00e7o da computa\u00e7\u00e3o em nuvem, em 2011 investiu em infraestrutura pr\u00f3pria para prover servi\u00e7os de hospedagem dos sistemas, agregando neste modelo seus diferenciais de servi\u00e7os que at\u00e9 ent\u00e3o eram prestados dentro da estrutura do cliente.<\/p>\n<p style=\"font-size: 15pt;\">Atrav\u00e9s dessa nova oferta, iniciou-se ent\u00e3o a opera\u00e7\u00e3o de data center, o que permitiu, desde ent\u00e3o, a entrega de um conjunto completo de servi\u00e7os aos nossos clientes \u2013 aumentando a qualidade e desempenho atrav\u00e9s de uma infraestrutura superior aliada a redu\u00e7\u00e3o de custos de propriedade e manuten\u00e7\u00e3o da infraestrutura de TI.<\/p>\n<p>[\/vc_column_text][\/vc_column][\/vc_row][vc_row][vc_column][vc_empty_space height=&#8221;60&#8243;][\/vc_column][\/vc_row][vc_row][vc_column]<div class=\"wprt-divider divider-center divider-solid\" style=\"border-top-color:#7a9cbf;\"><\/div><div class=\"clearfix\"><\/div>[\/vc_column][\/vc_row][vc_row][vc_column][vc_empty_space height=&#8221;20&#8243;][\/vc_column][\/vc_row][vc_row][vc_column width=&#8221;1\/3&#8243; css=&#8221;.vc_custom_1705014666131{padding-right: 10% !important;padding-left: 10% !important;}&#8221;][vc_empty_space height=&#8221;40&#8243;][vc_column_text]<\/p>\n<h1 style=\"text-align: left;\"><strong><span style=\"color: #003366;\">Miss\u00e3o<\/span><\/strong><\/h1>\n<p>[\/vc_column_text][vc_column_text css_animation=&#8221;slideInUp&#8221;]<\/p>\n<p style=\"font-size: 14pt;\"><strong>Prover o ambiente de nuvem personalizando as necessidades espec\u00edficas de cada cliente, primando pelo desempenho, seguran\u00e7a e disponibilidade no acesso de suas informa\u00e7\u00f5es.<\/strong><\/p>\n<p>[\/vc_column_text][vc_empty_space height=&#8221;40&#8243;][\/vc_column][vc_column width=&#8221;1\/3&#8243; css=&#8221;.vc_custom_1705014675280{padding-right: 10% !important;padding-left: 10% !important;}&#8221;][vc_empty_space height=&#8221;40&#8243;][vc_column_text]<\/p>\n<h1 style=\"text-align: left;\"><strong><span style=\"color: #003366;\">Vis\u00e3o<\/span><\/strong><\/h1>\n<p>[\/vc_column_text][vc_column_text css_animation=&#8221;slideInUp&#8221;]<\/p>\n<p style=\"font-size: 14pt;\"><strong>Ser refer\u00eancia nacional de qualidade para fornecimento de servi\u00e7os de hospedagem de sistema em nuvem.<\/strong><\/p>\n<p>[\/vc_column_text][vc_empty_space height=&#8221;40&#8243;][\/vc_column][vc_column width=&#8221;1\/3&#8243; css=&#8221;.vc_custom_1705014605743{margin-right: 10% !important;margin-left: 10% !important;}&#8221;][vc_empty_space height=&#8221;40&#8243; css=&#8221;.vc_custom_1705014681518{padding-right: 10% !important;padding-left: 10% !important;}&#8221;][vc_column_text]<\/p>\n<h1 style=\"text-align: left;\"><strong><span style=\"color: #003366;\">Valores<\/span><\/strong><\/h1>\n<p>[\/vc_column_text][vc_column_text css_animation=&#8221;slideInUp&#8221;]<\/p>\n<ul>\n<li style=\"font-size: 14pt;\"><strong>Qualidade<\/strong><\/li>\n<li style=\"font-size: 14pt;\"><strong>Sucesso do Cliente<\/strong><\/li>\n<li style=\"font-size: 14pt;\"><strong>Crescimento dos Colaboradores<\/strong><\/li>\n<\/ul>\n<p>[\/vc_column_text][vc_empty_space height=&#8221;40&#8243;][\/vc_column][\/vc_row][vc_row][vc_column][vc_empty_space height=&#8221;20&#8243;]<div class=\"wprt-divider divider-center divider-solid\" style=\"border-top-color:#7a9cbf;\"><\/div><div class=\"clearfix\"><\/div>[vc_empty_space height=&#8221;20&#8243;][vc_empty_space height=&#8221;20&#8243;][vc_empty_space height=&#8221;20&#8243;][vc_empty_space height=&#8221;20&#8243;][vc_column_text]<\/p>\n<h1 style=\"text-align: center;\"><strong><span style=\"color: #003366;\">Linha do Tempo Primus<\/span><\/strong><\/h1>\n<p>[\/vc_column_text][vc_empty_space height=&#8221;20&#8243;][vc_empty_space height=&#8221;20&#8243;][\/vc_column][\/vc_row][vc_row][vc_column][vc_column_text]\r\n<div id=\"twp-197\" class=\"style-one\">\r\n            <div id=\"twp-telement-0\" class=\"timeline\">\r\n           \r\n            <div class=\"timeline-content\">\r\n                <div class=\"circle\">\r\n                    <span>\r\n                                                    <img decoding=\"async\" src=\"https:\/\/nuvemprimus.com.br\/wp-content\/uploads\/2024\/01\/diplom.png \" > \r\n                                            <\/span>\r\n                <\/div>\r\n                <div class=\"content\">\r\n                    <span class=\"year\">2009<\/span>                                        <div class=\"description\">Atrav\u00e9s de projetos entregues, qualifica\u00e7\u00e3o e certifica\u00e7\u00e3o de nossos colaboradores, atingimos o mais alto n\u00edvel de Parceria com a Microsoft, o selo Microsoft Gold Partner<\/div>                    <div class=\"icon\">\r\n                        <span><\/span>\r\n                    <\/div>\r\n                <\/div>\r\n            <\/div>\r\n       \r\n        <\/div>\r\n            <div id=\"twp-telement-1\" class=\"timeline\">\r\n           \r\n            <div class=\"timeline-content\">\r\n                <div class=\"circle\">\r\n                    <span>\r\n                                                    <img decoding=\"async\" src=\"https:\/\/nuvemprimus.com.br\/wp-content\/uploads\/2024\/01\/mansion.png \" > \r\n                                            <\/span>\r\n                <\/div>\r\n                <div class=\"content\">\r\n                    <span class=\"year\">2011<\/span>                    <h4 class=\"title\">In\u00edcio da opera\u00e7\u00e3o de Data Center<\/h4>                    <div class=\"description\">Constru\u00e7\u00e3o de Data Center pr\u00f3prio, com investimentos em infraestrutura e equipamentos de alta qualidade.<\/div>                    <div class=\"icon\">\r\n                        <span><\/span>\r\n                    <\/div>\r\n                <\/div>\r\n            <\/div>\r\n       \r\n        <\/div>\r\n            <div id=\"twp-telement-2\" class=\"timeline\">\r\n           \r\n            <div class=\"timeline-content\">\r\n                <div class=\"circle\">\r\n                    <span>\r\n                                                    <img decoding=\"async\" src=\"https:\/\/nuvemprimus.com.br\/wp-content\/uploads\/2024\/01\/connection-1.png \" > \r\n                                            <\/span>\r\n                <\/div>\r\n                <div class=\"content\">\r\n                    <span class=\"year\">2013<\/span>                    <h4 class=\"title\">Disaster Recover<\/h4>                    <div class=\"description\">Implementa\u00e7\u00e3o do plano de continuidade. Todos os servidores hospedados s\u00e3o espelhados para permanecer funcionando em outro Data Center mesmo em casos de desastres do Data Center principal.<\/div>                    <div class=\"icon\">\r\n                        <span><\/span>\r\n                    <\/div>\r\n                <\/div>\r\n            <\/div>\r\n       \r\n        <\/div>\r\n            <div id=\"twp-telement-3\" class=\"timeline\">\r\n           \r\n            <div class=\"timeline-content\">\r\n                <div class=\"circle\">\r\n                    <span>\r\n                                                    <img decoding=\"async\" src=\"https:\/\/nuvemprimus.com.br\/wp-content\/uploads\/2024\/01\/server.png \" > \r\n                                            <\/span>\r\n                <\/div>\r\n                <div class=\"content\">\r\n                    <span class=\"year\">2014 <\/span>                    <h4 class=\"title\">Sistema Aut\u00f4nomo na Internet<\/h4>                    <div class=\"description\">Obten\u00e7\u00e3o do ASN junto ao NIC.BR que promoveu melhores redundancias, maior capilaridade, e independencia na conectividade.<\/div>                    <div class=\"icon\">\r\n                        <span><\/span>\r\n                    <\/div>\r\n                <\/div>\r\n            <\/div>\r\n       \r\n        <\/div>\r\n            <div id=\"twp-telement-4\" class=\"timeline\">\r\n           \r\n            <div class=\"timeline-content\">\r\n                <div class=\"circle\">\r\n                    <span>\r\n                                                    <img decoding=\"async\" src=\"https:\/\/nuvemprimus.com.br\/wp-content\/uploads\/2024\/01\/winner.png \" > \r\n                                            <\/span>\r\n                <\/div>\r\n                <div class=\"content\">\r\n                    <span class=\"year\">2018<\/span>                                        <div class=\"description\">Conclus\u00e3o do novo Data Center, totalmente redundante em todos os seus n\u00edveis, atingindo elevado grau de seguran\u00e7a e confiabilidade.<\/div>                    <div class=\"icon\">\r\n                        <span><\/span>\r\n                    <\/div>\r\n                <\/div>\r\n            <\/div>\r\n       \r\n        <\/div>\r\n            <div id=\"twp-telement-5\" class=\"timeline\">\r\n           \r\n            <div class=\"timeline-content\">\r\n                <div class=\"circle\">\r\n                    <span>\r\n                                                    <img decoding=\"async\" src=\"https:\/\/nuvemprimus.com.br\/wp-content\/uploads\/2024\/01\/snapshot.png \" > \r\n                                            <\/span>\r\n                <\/div>\r\n                <div class=\"content\">\r\n                    <span class=\"year\">2021<\/span>                                        <div class=\"description\">Inicio da oferta de hospedagem com cluster em alta disponibilidade com imutabilidade de snapshots, em local com certifica\u00e7\u00e3o Tier-3 e ISO 27001, com georreplica\u00e7\u00e3o interestadual para os planos de recupera\u00e7\u00e3o de desastres mais exigentes.<\/div>                    <div class=\"icon\">\r\n                        <span><\/span>\r\n                    <\/div>\r\n                <\/div>\r\n            <\/div>\r\n       \r\n        <\/div>\r\n    <\/div>\r\n\r\n<style>\r\n    #twp-197.style-one:before, #twp-197.style-one .timeline:first-child::before, #twp-197.style-one .icon , #twp-197.style-one .circle , #twp-197.style-one .circle span, #twp-197.style-one .timeline:last-child::before\r\n    {\r\n        border-color:#1e73be;\r\n    }#twp-197.style-one .title, #twp-197.style-one .circle span, #twp-197.style-one .description {\r\n        color:#1e73be;\r\n    }#twp-197.style-one:before,#twp-197.style-one .circle::before,#twp-197.style-one .icon:before,#twp-197.style-one .timeline .year, #twp-197.style-one .timeline-content::before {\r\n        background-color:#1e73be;\r\n    }#twp-197.style-one .title {\r\n        color:#1e73be;\r\n    }#twp-197.style-one .circle span{\r\n        color:#ffffff;\r\n    }#twp-197.style-one .timeline .year{\r\n        color:#ffffff;\r\n    }#twp-197.style-one .description {\r\n        color:#1e73be;\r\n    }<\/style>\r\n\r\n\r\n[\/vc_column_text][\/vc_column][\/vc_row]<\/p>\n","protected":false},"excerpt":{"rendered":"<p>[vc_row css=&#8221;.vc_custom_1662339454807{padding-top: 2% !important;padding-right: 2% !important;padding-bottom: 2% !important;padding-left: 2% !important;}&#8221;][vc_column width=&#8221;1\/2&#8243;][vc_single_image image=&#8221;107&#8243; img_size=&#8221;large&#8221; alignment=&#8221;center&#8221; css_animation=&#8221;fadeInRightBig&#8221;][\/vc_column][vc_column width=&#8221;1\/2&#8243;][vc_column_text css_animation=&#8221;slideInUp&#8221;] A Primus Solu\u00e7\u00f5es em Tecnologia da Informa\u00e7\u00e3o, foi fundada em Junho de 2002, em Porto Alegre \u2013 RS, com o objetivo de atender as exigentes demandas de consultoria e&hellip;<\/p>\n","protected":false},"author":1,"featured_media":0,"parent":0,"menu_order":0,"comment_status":"closed","ping_status":"closed","template":"","meta":{"footnotes":""},"class_list":["post-65","page","type-page","status-publish","hentry","last"],"_links":{"self":[{"href":"https:\/\/nuvemprimus.com.br\/index.php?rest_route=\/wp\/v2\/pages\/65","targetHints":{"allow":["GET"]}}],"collection":[{"href":"https:\/\/nuvemprimus.com.br\/index.php?rest_route=\/wp\/v2\/pages"}],"about":[{"href":"https:\/\/nuvemprimus.com.br\/index.php?rest_route=\/wp\/v2\/types\/page"}],"author":[{"embeddable":true,"href":"https:\/\/nuvemprimus.com.br\/index.php?rest_route=\/wp\/v2\/users\/1"}],"replies":[{"embeddable":true,"href":"https:\/\/nuvemprimus.com.br\/index.php?rest_route=%2Fwp%2Fv2%2Fcomments&post=65"}],"version-history":[{"count":46,"href":"https:\/\/nuvemprimus.com.br\/index.php?rest_route=\/wp\/v2\/pages\/65\/revisions"}],"predecessor-version":[{"id":208,"href":"https:\/\/nuvemprimus.com.br\/index.php?rest_route=\/wp\/v2\/pages\/65\/revisions\/208"}],"wp:attachment":[{"href":"https:\/\/nuvemprimus.com.br\/index.php?rest_route=%2Fwp%2Fv2%2Fmedia&parent=65"}],"curies":[{"name":"wp","href":"https:\/\/api.w.org\/{rel}","templated":true}]}}